)/(1/3) - 7. Calculate v(d).
-31
Let x(d) = -352*d - 1056. Let f be x(-3). Let i(l) be the second derivative of 1/20*l**5 - 11*l + 0*l**2 + f + 5/12*l**4 + 1/3*l**3. What is i(-5)?
-10
Let f be 2/(-7) + (2120/7)/(-4). Let p = f - -87. Let o(l) = p*l - 8 - 4*l + l**2 + 16. What is o(-6)?
2
Let f(t) be the first derivative of t**4/4 + 2*t**3 + t**2/2 - 747. Suppose 124 = 3*o + 16. Let w be (-2)/3*o/4. Give f(w).
-6
Let q(m) = m - 8. Let f be q(21). Let d = f + -4. Let t(x) = -4*x + 2 - x - 6*x**2 - d + 3*x - x**3. Give t(-6).
5
Let l(i) = 34 + 2578*i - 2571*i - 10. Give l(-9).
-39
Let c = -30 + 32. Suppose -c*v + 12 = 8*q - 3*q, 2*v = -q + 4. Suppose 4*k = -2*h + 26 + 4, 25 = 3*k + q*h. Let i(d) = -d - 6. Give i(k).
-11
Let f(h) = -16*h - 68 + 9*h - 5*h + 28. Let q be f(-3). Let z(d) = 5*d + 12. Give z(q).
-8
Suppose -554*w - 126 = -512*w. Let r(c) = 5*c**2 - 2. Determine r(w).
43
Let y(h) = 8*h**2 + 2*h + 1. Let s be y(-1). Let c(m) = -68778*m**2 + 137555*m**2 + 0*m**3 - 2 - 3 - 68782*m**2 + m**3 - 14*m. Give c(s).
-5
Let m(a) = -7*a**2 - 2*a - 1. Let c be ((-3)/6)/(17/(204/3)). Determine m(c).
-25
Let x(g) = -g**3 - 4*g**2 + 3*g + 3. Suppose -5*c - 10 = 2*a, 4*c + 3*a - 10 = 5*a. Suppose c = 2*i + 10. Let r be (56/20 + -2)*i. Calculate x(r).
-9
Let w(k) be the second derivative of -k**4/12 - k**3/6 + 5*k**2/2 - 7*k. Suppose 3*x = -4*g + 41, 4*g + 6*x - 27 = 5*x. Calculate w(g).
-25
Let r(p) = 7*p - 52. Let v be r(7). Let a(j) = -3*j - 115*j**3 - 121*j**3 - 4*j**2 + 3 + 4*j - 111*j**3 + 346*j**3. Give a(v).
-9
Let v(q) = -15207 + 8*q + 7597 + 7580. Determine v(3).
-6
Let h(m) = -2*m**2 + 4*m + 4. Suppose 0 = -88*s + 75*s + 52. Let j be (12/5)/(s/5). What is h(j)?
-2
Let a(g) = g - 4. Let m = 644 - 644. Suppose 35*o - 25 - 360 = m. Give a(o).
7
Let z = 178 + -71. Suppose -d - z = -105. Let f(p) = -4*p**2 + 4 - 3 + 3*p - 5*p. Determine f(d).
-11
Let a(s) be the first derivative of 7/2*s**2 + 35 + 3*s. Calculate a(-4).
-25
Suppose -2 = -121*u + 123*u + 2*w, 0 = 4*w. Let f(r) = 13*r + 3 - 3. Calculate f(u).
-13
Let q(u) be the second derivative of u**4 + 0 - 76*u - 15/2*u**2 - 7/6*u**3 - 1/20*u**5. Determine q(11).
29
Suppose -2*k = -1 - 5. Suppose -52 = -9*j - 7. Let x(o) = -j*o**2 + 12*o**2 - 3*o - 9*o**2 + 5*o. Calculate x(k).
-12
Let y(k) be the third derivative of -3/2*k**3 + 5/24*k**4 + 168*k**2 + 1/120*k**6 + 7/60*k**5 + 0*k + 0. Give y(-6).
-3
Let f(u) = 4*u + 9. Suppose -3*k = k + 5*r - 192, -k + r + 57 = 0. Let x be ((-28)/16 + (4 - 1))*-48. Let q = k + x. Give f(q).
-19
Let p be (-9)/2*2800/(-1575). Let c(x) = 9*x - 1. Calculate c(p).
71
Let d(y) = 11*y**2. Let l(g) = 154*g**2. Let z(p) = 55*d(p) - 4*l(p). Let w(c) = -c + 3. Let v be w(2). Calculate z(v).
-11
Let i = 55 - 53. Suppose -i*m = -5*x, 5 = 2*m - 5. Let d(h) = h**3 - 2*h**2 - 2*h + 4. What is d(x)?
0
Let c(d) = 2*d + 3*d + d**3 - 6*d**2 + 0*d - 7. Suppose -3*i - 726 = -5*m - 660, -4*m + 4*i = -72. What is c(m)?
23
Let j(a) = -11*a. Let m = -1 + 2. Let d be ((-36)/18)/(1/(-4)) + -5. Suppose -7*f = -3*f - d*z - m, 0 = -3*f + 4*z - 1. Determine j(f).
-11
Suppose -5*l = 668 - 2223. Let h = l + -311. Let o(c) = -c + 8. Give o(h).
8
Let m(w) = 48913*w**3 - 9 + 12*w - 4*w - 9*w**2 - 97830*w**3 + 6*w + 48918*w**3. Give m(7).
-9
Let k(g) = -g**3 + 33*g**2 + 106*g + 79. Let y be ((-4)/10)/((-33)/2860) - 8/(-6). Determine k(y).
7
Let q be (-2)/(-3) + (190/30 - 14). Let t(g) = -g**2 - 5*g + 24. What is t(q)?
10
Let w(k) = -k**2 - 22*k - 38. Let r be w(-17). Let y = 50 - r. Let l(t) = 1 + 6*t - 4 - 7*t + 4*t. What is l(y)?
6
Let g(k) be the first derivative of -5*k**3/3 - k - 2525. Suppose -2*u = -0*u + 2. Calculate g(u).
-6
Let t = -163 + 173. Let u be ((-96)/(-64))/(3/t). Let m(i) = i**3 - 6*i**2 + 7*i - 3. Give m(u).
7
Let w be 6/(-12)*5 - 54/(-12). Let f(q) = 10*q**2 + 16*q**2 + 4*q - 38*q**2 - 2 + 11*q**w. Give f(8).
-34
Let x = -24 - -29. Let z(q) be the second derivative of -5*q**3/3 + 7*q**2/2 + 584*q + 5. Give z(x).
-43
Let r(h) = h**2 - 9 - 3*h + h**2 + h**2 + 12*h - 4*h**2. Let g be (1 - -6)*24/28. What is r(g)?
9
Let k(r) be the third derivative of -r**7/840 - r**6/360 + r**5/120 + 47*r**3/6 - r**2 - 15. Let u(b) be the first derivative of k(b). Give u(-3).
15
Let k(y) = -4*y**3 + y**2 + y - 1. Let p = -398 - -397. Let h(d) = -d. Let w(a) = p*k(a) - h(a). Give w(-1).
-4
Let x(b) = b**3 + 26*b**2 + 47*b - 3. Let t(w) = 2*w**3 - 81*w**2 + 40*w - 24. Let c be t(40). Calculate x(c).
21
Let l(h) = -3*h**2 - 1 + h**3 + 2*h + 4*h**2 - 6*h**2. Let r(w) = -1647*w - 6585. Let t be r(-4). Calculate l(t).
-13
Suppose -3*s + 0 + 21 = 0. Suppose 3*z + s*k - 2*k + 16 = 0, z - 5*k - 8 = 0. Let d(j) = 0*j + 4 + 5*j - 3 - 3*j. Calculate d(z).
-3
Let s = -473 + 488. Suppose 23 = -2*i + s. Let p(a) = a**3 + 2*a**2 + 2*a - 5. What is p(i)?
-45
Let y(q) = q**2 + 17*q - 1. Let k be (273/7 - -9)*2/(-6). What is y(k)?
-17
Suppose 5*b - 5 = 0, r - 5 = 4*r - 5*b. Let x = -1 - r. Let y be 122/18 - (x - 42/(-54)). Let g(l) = -l**2 + 8*l + 4. Give g(y).
11
Let c(t) be the first derivative of t**4/4 + 7*t**3/3 - t**2 - 10*t - 578. Determine c(-6).
38
Let g(l) = -2*l**2 - 6*l**3 + 0*l - 1 + 5*l**3 - 5*l**3 + 5*l**3 + l. Suppose -2*s = -6*s - 16. Calculate g(s).
27
Let j = 12 - 2. Let n(u) = 6*u - 98. Let k(x) = -2*x + 34. Let i(y) = -11*k(y) - 4*n(y). Determine i(j).
-2
Let z be 5/(-6) + 3 + (-39)/18. Let b(m) be the third derivative of z*m**3 + 10*m**2 + 0 + 0*m + 1/6*m**4. Determine b(-3).
-12
Let w(s) = -2*s. Let j be w(1). Let z(n) = 3*n + 52. Let u(x) = x + 14. Let p(b) = -4*u(b) + z(b). What is p(j)?
-2
Let t(s) = -s**2 - 3*s + 15. Suppose f - 38*w + 29 = -43*w, -3*f + 3*w + 3 = 0. Determine t(f).
11
Let t(u) be the third derivative of -u**6/360 + u**5/15 - u**4/3 - 103*u**3/6 + u**2 - 26. Let f(d) be the first derivative of t(d). Determine f(6).
4
Let o(a) = 9*a**3 - 8*a**3 + 31 - 4*a - 8*a**2 - 23. Let r = 23 - 15. Determine o(r).
-24
Let g = 63 - 60. Let c be (1/6)/(5/30). Let v(y) = -1 + 0 - g - y - c. Determine v(-8).
3
Suppose 12*o - 34 = -5*o. Let a(v) = 7*v**o - 6*v**2 - 9 + 5*v + 3 - 4*v + 2*v. Calculate a(-4).
-2
Suppose 6*g - 17 + 23 = 0. Let i(p) = p**2 + 1. Let q(z) = 2*z**2 - 3*z + 3. Let b(x) = g*q(x) + 3*i(x). Calculate b(-3).
0
Let b(k) = k**3 + 2*k**2 + k - 2. Let p(h) = 2*h - 31. Let c be p(16). Let t be (-4)/(2 - 3 - c). Give b(t).
16
Suppose -1416*n + 1339*n = -2849. Let l(u) = -u**3 + 36*u**2 + 38*u - 36. Give l(n).
1
Suppose -15 = 2*q - h, 0*q = 3*q + 3*h. Let g = q + 13. Let f(u) = -g*u**2 + 4 - 3 - 3*u + 24*u**2 - 15*u**2. Calculate f(1).
-1
Let w(f) be the third derivative of -f**7/5040 - f**6/240 - 4*f**5/15 - f**3/6 + 6*f**2 + 2*f. Let c(k) be the third derivative of w(k). What is c(6)?
-9
Let r(t) = 1 + 389*t**2 + 423*t**2 - 2*t - 767*t**2. What is r(1)?
44
Let d(k) = -k + 23. Suppose 0 = 16*i + 24 - 360. Suppose -a = q - i, -3*q = 2*a + 5 - 50. Give d(a).
5
Let y be (-2)/((4/(-10))/1). Let x(n) be the third derivative of 0*n - 71*n**2 + 0 + 5/6*n**3 + 1/24*n**4. Determine x(y).
10
Let g = 4 - 1. Let v(s) = 1 - 435298*s - 234*s**2 + 435302*s + 227*s**2. Give v(g).
-50
Let s(h) = 2*h - 6. Let f(n) be the second derivative of -9*n**5/5 - n**3/6 - n**2/2 + 18*n. Let l be f(-1). Suppose 16*g - 10*g = l. What is s(g)?
6
Let b(i) = -i**3 - 11*i**2 - 17*i + 10. Let w be b(-9). Let t(z) = 7 + 0 - z**3 - w - 5*z**2 - 5*z - 5*z**2 - 3*z. Calculate t(-9).
-3
Let j(k) = -k**2 - k + 4. Let a(l) be the second derivative of 5*l**4/12 + 2*l**3/3 - 23*l**2/2 - 64*l - 1. Let p(m) = a(m) + 6*j(m). Determine p(-4).
-7
Let j be 3/(-2)*(-4)/9 + 6435/351. Let i(l) = -l**3 + 21*l**2 - 40*l + 43. What is i(j)?
5
Let x(n) = 30*n**3 - 42*n**2 - 30*n + 118. Let d(l) = 19*l**3 - 28*l**2 - 20*l + 79. Let a(i) = -11*d(i) + 7*x(i). What is a(-13)?
-4
Let a(n) = -n**3 - 3*n**2 + 3*n - 1. Let c(g) be the second derivative of 7*g**4/12 - 2*g**3/3 - g**2 + 25*g. Let i be c(-4). Let r = 123 - i. Determine a(r).
-10
Let t(y) be the second derivative of y**6/720 + 2*y**4/3 + y**3/6 + 2*y. Let h(w) be the third derivative of t(w). Let g = 7 - 10. What is h(g)?
-3
Let r be (-3)/(-2) - 1110/148. Let p(h) = -5*h**2 - 34*h - 12. What is p(r)?
12
Let q(s) = 19*s**3 - 6*s**2 + 3*s - 8. Let w(n) = -24*n**3 + 7*n**2 -